actor of b?
True
Let t = -39 - -74. Is t a multiple of 7?
True
Let q be (2/3)/((-14)/(-21)). Is 5/q + -2 + 1 a multiple of 2?
True
Let r be ((-12)/20)/((-2)/10). Suppose -r*x + 39 = -0*x. Is 13 a factor of 6/(-3)*x/(-2)?
True
Let k = 148 - -42. Is k a multiple of 19?
True
Let c(m) = 1. Let y(i) = -i + 14. Let o(v) = 5*c(v) + y(v). Is o(11) a multiple of 4?
True
Suppose 0 = 2*z + 2*z - 28. Let x = -49 - -50. Is x - -1 - (-3 - z) a multiple of 6?
True
Let v = 48 + -28. Let f(n) = 2*n + 2. Let g be f(-3). Let d = v + g. Is d a multiple of 6?
False
Suppose 12 + 39 = q. Does 51 divide q?
True
Let g = -14 + 16. Suppose -g*v = -24 - 44. Does 11 divide v?
False
Suppose 18 = -0*k + 2*k. Does 6 divide k?
False
Suppose 2748 = -5*m - 2*q, 2*m - q + 1104 = -3*q. Is (-4)/28 - m/14 a multiple of 13?
True
Let o(l) = l**2 + l + 1. Let r(i) = -11*i**2 - 5*i - 5. Let n(x) = 2*x - 1. Let c be n(-2). Let g(z) = c*o(z) - r(z). Is g(2) a multiple of 14?
False
Let s = -84 - -112. Does 9 divide s?
False
Is 4 a factor of -1 + -3 + 14 - -2?
True
Is 2*(-1)/(-2) - -29 a multiple of 15?
True
Let l(a) = a**2 + 5*a - 41. Does 5 divide l(6)?
True
Let a = -8 - -12. Suppose -4 = -a*n + 52. Suppose -n = -3*p + 7. Is p even?
False
Suppose 0 = i - 2*i. Suppose 3*c + i*r = 5*r + 58, 0 = -2*r + 8. Is c a multiple of 13?
True
Let u = 16 + -14. Suppose -u*p = -4*k - 71 + 3, 4*p - 148 = -4*k. Does 12 divide p?
True
Let n(a) = 5*a + 4 + a - a + a**3 + 7*a**2. Is n(-6) a multiple of 10?
True
Suppose 9*o - 26 = 8*o. Suppose -o = -4*h + 190. Is h a multiple of 18?
True
Let c be (-1*1 + 2)*0. Let f be -111*-2*(-4)/(-24). Suppose -5*j - 12 + f = c. Does 3 divide j?
False
Suppose 0*g + 55 = g. Is g a multiple of 11?
True
Suppose 8*f - 7*f = 16. Does 8 divide f?
True
Suppose 3*d - 149 = 211. Is 15 a factor of d?
True
Suppose -u = -4*y + 223, 3*y - 3*u + 7 - 181 = 0. Is y a multiple of 8?
False
Let m(q) = 2*q**3 + 3*q**2 + q - 3. Let x be m(2). Let r = x - -20. Does 18 divide r?
False
Let s = 6 + -3. Let h(t) = t**3 - 2*t**3 - s + 2 + 4*t**2. Is h(3) a multiple of 4?
True
Let d = 29 - -5. Let m be (-1 - 2*d)/1. Let t = -40 - m. Does 16 divide t?
False
Let u(x) = -x**2 + 7*x - 6. Let m be u(5). Is 19 a factor of (-536)/(-14) - m/14?
True
Let k(h) = -h**2 + 7*h - 8. Let s be k(6). Does 13 divide (2/(-3))/(s/72)?
False
Suppose 6*g - 3*g = 0. Let u = 1 + g. Let h = u + 3. Is 4 a factor of h?
True
Suppose 0 = -3*i - 5*w - 7, 3*i - 4*i - 4 = 2*w. Let g = i - -2. Is g a multiple of 4?
True
Let y be (-7)/(-2) + (-3)/6. Suppose -2*q + 4 = -4*d, 5*q + 0*q - y*d - 24 = 0. Is q + -2 - (0 + 0) a multiple of 3?
False
Let d(p) be the third derivative of 2*p**2 + 0 + 1/60*p**5 - 2/3*p**3 + 1/8*p**4 + 0*p. Is 12 a factor of d(5)?
True
Let m(q) = 10*q**3 - q - 1. Let d be m(-1). Let v = -7 - d. Does 5 divide (v/9)/((-1)/(-21))?
False
Let l(d) = -d**3 + 2*d**2 + 5*d + 5. Let f(h) = 2*h**3 - 5*h**2 - 11*h - 11. Let n(x) = 6*f(x) + 14*l(x). Is n(-3) a multiple of 7?
True
Suppose r = -0*r + 32. Is 11 a factor of r?
False
Suppose w + 34 + 2 = -y, 4*w - 5*y = -126. Let o = w - -15. Is -1*4*o/2 a multiple of 15?
False
Let h = 0 + 5. Suppose 0 = -r + q - h + 28, 5*r - 113 = 3*q. Is r a multiple of 11?
True
Let i = 114 + 37. Suppose -4*d + 11 = 4*a - 129, 5*d - i = a. Suppose -3*g = -11 - d. Is g a multiple of 14?
True
Let a = -7 - -107. Suppose c - a = -28. Suppose -96 = -4*o + 4*f, -2*f + c = o + 3*o. Is 7 a factor of o?
False
Let o(i) = i**2 + 7*i + 1. Let u(y) = -y - 1. Let g(d) = -o(d) + 2*u(d). Let k be g(-6). Suppose -45 = -3*c + k. Is 10 a factor of c?
True
Let p be (-53 - -5)*(-1)/2. Let s = -184 + 299. Suppose 0 = 5*v + 5*k - s, -3*k = -5*v - p + 179. Is v a multiple of 12?
False
Let y be (-2)/10 - 84/(-20). Suppose y*x + 42 = 6*x. Does 21 divide x?
True
Let s be 0 + -6 + (0 - -2). Let o be 94/s*(0 + -2). Let z = o + -12. Is z a multiple of 22?
False
Let j(s) = s**2 + 11*s + 15. Let a = -22 + 10. Does 27 divide j(a)?
True
Let u(f) be the second derivative of -3*f**5/5 - 3*f. Does 12 divide u(-1)?
True
Let t(b) = b**3 - 6*b**2 + b - 1. Let y be t(6). Let p(d) be the first derivative of d**4/4 - 5*d**3/3 + d**2/2 - d + 2. Is 4 a factor of p(y)?
True
Let x = 35 - 25. Suppose -5*u = x - 0. Let r = 3 - u. Is r a multiple of 2?
False
Let y = 117 - -2. Is y a multiple of 17?
True
Let n = 2 - 5. Let y be 6/(-9) + (-100)/(-6). Let u = y - n. Is u a multiple of 7?
False
Let y be (1 - 9/6)*-4. Suppose -y*k - 59 = -13. Let g = -1 - k. Is g a multiple of 12?
False
Suppose -a = 3*a. Suppose q - 2*n = 20, a = -4*q - 2*n - 3*n + 132. Does 14 divide q?
True
Let i(w) = -2*w + 4. Suppose -7 = -2*m + 5. Suppose l - 20 = m*l. Is 12 a factor of i(l)?
True
Let a(y) = 96*y**2 - 2*y. Is a(-1) a multiple of 23?
False
Suppose f + 4 = -f. Let p(n) = 5*n**2 - 2. Let g be p(f). Let t = g + -1. Is t a multiple of 8?
False
Let p(u) = u**2 + u. Let s be p(-2). Suppose s*m + 1 = 7. Is 18/m + 1 - -2 a multiple of 5?
False
Let j be (-1 + 25)*3/(-3). Let s = -14 - j. Does 3 divide s?
False
Suppose 2*i + 8 = 6*i. Let s(a) = -a - 5*a - 3*a**2 + 4 + 4*a**i. Is s(7) a multiple of 3?
False
Let c = 10 - -2. Suppose 3*i - 57 = -i - a, 0 = i - 2*a - c. Is i a multiple of 12?
False
Let x be ((-2)/2)/(5 - 4). Let d be -71 + (-3 + 3)/x. Let b = 101 + d. Is 15 a factor of b?
True
Let n = 64 + 51. Is n a multiple of 23?
True
Suppose 8*t - 450 = 462. Is t a multiple of 21?
False
Suppose 42 = 2*m + 2*i, -38 = -4*m + 2*m + 2*i. Let q = -16 + m. Is 2 a factor of q?
True
Let q = -22 + 58. Suppose -3*b - 2*x = 61, 0 = 5*b + 4*x + 101 + 4. Let r = b + q. Is 19 a factor of r?
True
Suppose -69 = -2*z + 49. Suppose z = 5*a + 14. Is a a multiple of 3?
True
Let f(p) = -p - 12. Let r be f(-9). Is ((-2)/r)/((-4)/(-30)) even?
False
Let o = 36 - 3. Let r(p) = -p + 15. Let q be r(0). Let t = o - q. Does 9 divide t?
True
Suppose 3*o + 2*s = 428, s = 4*s + 6. Does 24 divide o?
True
Suppose -4*o = -67 - 49. Is o a multiple of 11?
False
Suppose 2*s + 12 = -2*s, 42 = 3*r - 4*s. Let f be 1 - (3/3)/1. Let u = r + f. Is 5 a factor of u?
True
Let a be (50 - (0 - -1)) + (-13 - -12). Suppose l + 37 = 13. Let n = a + l. Is 12 a factor of n?
True
Is (69/(-15) + 3)/((-10)/375) a multiple of 10?
True
Let c = -2 - -4. Is (-1 + 10 - c)/1 a multiple of 4?
False
Suppose -26 = -0*t - t. Is 9 a factor of t?
False
Suppose -5*y = -3*a - 798, -3*y + 3*a = 4*a - 490. Is 29 a factor of y?
False
Suppose -5*y + 76 = -164. Suppose -l - 54 = -57. Suppose -y = -l*b - b. Is 12 a factor of b?
True
Is -1 + (0 + 0 - -14) a multiple of 13?
True
Let u = -12 + 111. Let r(z) = -16*z + 1. Let b be r(4). Let s = b + u. Is 18 a factor of s?
True
Let o = 26 + -14. Suppose o = -3*z + 6*z. Is 4 a factor of z?
True
Let i(v) = -11*v - 23. Is i(-5) a multiple of 25?
False
Let m = -7 + 13. Suppose m*q - q = 25. Suppose 2*i - q*l = 0, 4*i = -l - 2*l + 26. Is i a multiple of 3?
False
Let b = -7 - -19. Suppose -2*r - 2*r = -b, -2*r = 4*l - 82. Does 6 divide l?
False
Let y be 1 + -4 + 2 - -7. Is (8 - 11)*(-152)/y a multiple of 16?
False
Suppose 8 = 4*b - 2*y, 4 = -5*b + 2*b + 4*y. Is b a multiple of 4?
True
Let w(z) = 12*z - 1. Let k be w(-3). Let m = k + 73. Is 352/m + (-2)/(-9) a multiple of 10?
True
Suppose 7*x = 492 - 72. Is x a multiple of 20?
True
Let t = -12 - -4. Let l(q) = -q - 5. Is 2 a factor of l(t)?
False
Let m = -12 + 47. Does 23 divide m*((-36)/20 - -3)?
False
Let t = -14 - -30. Suppose -3*r + a = 2*r - 20, -4*r - a = -t. Suppose r*h - 154 = -54. Does 12 divide h?
False
Is 37 a factor of (228*2/15)/((-1)/(-5))?
False
Suppose -73 - 41 = -3*q. Let i = 11 + q. Does 31 divide i?
False
Let h(u) = -u - 1. Let a be ((-3)/2)/((-2)/(-8)). Let y be h(a). Suppose y*m - 6 - 14 = 0. Does 4 divide m?
True
Let x be 6/2*(-60)/(-18). Suppose -3*z + 6*f = 3*f - 18, 5*f = x. Is 8 a factor of z?
True
Let s(k) = -k - 13. Let a be s(10). Does 10 divide -6*(-3)/(-6) - a?
True
Let p = -4 - -6. Suppose p*l = 3*t - 197, 3*t - 127 = t - 3*l. Is 13 a factor of t?
True
Suppose 12 = 4*k + 4. Suppose o = -v - 0*o + 26, k*v + 3*o = 54. Is 16 a factor of v?
False
Suppose -4*s = 4 - 12. Let b(p) = -24*p + 1 - 15*p - s. Is 14 a factor of b(-1)?
False
Suppose z - 8 - 7 = -y, 25 = y - 4*z. Let h(c) = -5*c - 13. Let l be h(-10). Let m = l - y. Is